[INFO] cloning repository https://github.com/cameronp98/windowcloser
[INFO] running `Command { std: "git" "-c" "credential.helper=" "-c" "credential.helper=/workspace/cargo-home/bin/git-credential-null" "clone" "--bare" "https://github.com/cameronp98/windowcloser" "/workspace/cache/git-repos/https%3A%2F%2Fgithub.com%2Fcameronp98%2Fwindowcloser", kill_on_drop: false }`
[INFO] [stderr] Cloning into bare repository '/workspace/cache/git-repos/https%3A%2F%2Fgithub.com%2Fcameronp98%2Fwindowcloser'...
[INFO] running `Command { std: "git" "rev-parse" "HEAD", kill_on_drop: false }`
[INFO] [stdout] 8084148fffe0436a33e9853286f37543be5511cb
[INFO] checking cameronp98/windowcloser against master#af3c6e733a40e671550e0f0f5aeecaa13772ba56 for pr-74989
[INFO] running `Command { std: "git" "clone" "/workspace/cache/git-repos/https%3A%2F%2Fgithub.com%2Fcameronp98%2Fwindowcloser" "/workspace/builds/worker-1/source", kill_on_drop: false }`
[INFO] [stderr] Cloning into '/workspace/builds/worker-1/source'...
[INFO] [stderr] done.
[INFO] validating manifest of git repo https://github.com/cameronp98/windowcloser on toolchain af3c6e733a40e671550e0f0f5aeecaa13772ba56
[INFO] running `Command { std: "/workspace/cargo-home/bin/cargo" "+af3c6e733a40e671550e0f0f5aeecaa13772ba56" "read-manifest" "--manifest-path" "Cargo.toml", kill_on_drop: false }`
[INFO] started tweaking git repo https://github.com/cameronp98/windowcloser
[INFO] finished tweaking git repo https://github.com/cameronp98/windowcloser
[INFO] tweaked toml for git repo https://github.com/cameronp98/windowcloser written to /workspace/builds/worker-1/source/Cargo.toml
[INFO] crate git repo https://github.com/cameronp98/windowcloser already has a lockfile, it will not be regenerated
[INFO] running `Command { std: "/workspace/cargo-home/bin/cargo" "+af3c6e733a40e671550e0f0f5aeecaa13772ba56" "fetch" "--locked" "--manifest-path" "Cargo.toml", kill_on_drop: false }`
[INFO] running `Command { std: "docker" "create" "-v" "/var/lib/crater-agent-workspace/builds/worker-1/target:/opt/rustwide/target:rw,Z" "-v" "/var/lib/crater-agent-workspace/builds/worker-1/source:/opt/rustwide/workdir:ro,Z" "-v" "/var/lib/crater-agent-workspace/cargo-home:/opt/rustwide/cargo-home:ro,Z" "-v" "/var/lib/crater-agent-workspace/rustup-home:/opt/rustwide/rustup-home:ro,Z" "-e" "SOURCE_DIR=/opt/rustwide/workdir" "-e" "CARGO_TARGET_DIR=/opt/rustwide/target" "-e" "CARGO_HOME=/opt/rustwide/cargo-home" "-e" "RUSTUP_HOME=/opt/rustwide/rustup-home" "-w" "/opt/rustwide/workdir" "-m" "1610612736" "--user" "0:0" "--network" "none" "rustops/crates-build-env@sha256:d92eaeed33fa75130ca1ee6c8a01d1ffb62bac859dfdfb3450e3e5d1c0146529" "/opt/rustwide/cargo-home/bin/cargo" "+af3c6e733a40e671550e0f0f5aeecaa13772ba56" "metadata" "--no-deps" "--format-version=1", kill_on_drop: false }`
[INFO] [stdout] e1ad2e654897f511d3f38f3ce1b2f46ff0def8a15e519039a42e3dd341335f57
[INFO] [stderr] WARNING: Your kernel does not support swap limit capabilities or the cgroup is not mounted. Memory limited without swap.
[INFO] running `Command { std: "docker" "start" "-a" "e1ad2e654897f511d3f38f3ce1b2f46ff0def8a15e519039a42e3dd341335f57", kill_on_drop: false }`
[INFO] running `Command { std: "docker" "inspect" "e1ad2e654897f511d3f38f3ce1b2f46ff0def8a15e519039a42e3dd341335f57", kill_on_drop: false }`
[INFO] running `Command { std: "docker" "rm" "-f" "e1ad2e654897f511d3f38f3ce1b2f46ff0def8a15e519039a42e3dd341335f57", kill_on_drop: false }`
[INFO] [stdout] e1ad2e654897f511d3f38f3ce1b2f46ff0def8a15e519039a42e3dd341335f57
[INFO] running `Command { std: "docker" "create" "-v" "/var/lib/crater-agent-workspace/builds/worker-1/target:/opt/rustwide/target:rw,Z" "-v" "/var/lib/crater-agent-workspace/builds/worker-1/source:/opt/rustwide/workdir:ro,Z" "-v" "/var/lib/crater-agent-workspace/cargo-home:/opt/rustwide/cargo-home:ro,Z" "-v" "/var/lib/crater-agent-workspace/rustup-home:/opt/rustwide/rustup-home:ro,Z" "-e" "SOURCE_DIR=/opt/rustwide/workdir" "-e" "CARGO_TARGET_DIR=/opt/rustwide/target" "-e" "CARGO_INCREMENTAL=0" "-e" "RUST_BACKTRACE=full" "-e" "RUSTFLAGS=--cap-lints=forbid" "-e" "CARGO_HOME=/opt/rustwide/cargo-home" "-e" "RUSTUP_HOME=/opt/rustwide/rustup-home" "-w" "/opt/rustwide/workdir" "-m" "1610612736" "--user" "0:0" "--network" "none" "rustops/crates-build-env@sha256:d92eaeed33fa75130ca1ee6c8a01d1ffb62bac859dfdfb3450e3e5d1c0146529" "/opt/rustwide/cargo-home/bin/cargo" "+af3c6e733a40e671550e0f0f5aeecaa13772ba56" "check" "--frozen" "--all" "--all-targets" "--message-format=json", kill_on_drop: false }`
[INFO] [stderr] WARNING: Your kernel does not support swap limit capabilities or the cgroup is not mounted. Memory limited without swap.
[INFO] [stdout] 9459223f202c86b4b5ffbf0076c1d747f6adec96fe40094ca2f299acaa65e6e4
[INFO] running `Command { std: "docker" "start" "-a" "9459223f202c86b4b5ffbf0076c1d747f6adec96fe40094ca2f299acaa65e6e4", kill_on_drop: false }`
[INFO] [stderr]    Compiling winapi v0.3.8
[INFO] [stderr]     Checking windowcloser v0.1.0 (/opt/rustwide/workdir)
[INFO] [stdout] error[E0433]: failed to resolve: could not find `um` in `winapi`
[INFO] [stdout]  --> src/main.rs:3:13
[INFO] [stdout]   |
[INFO] [stdout] 3 | use winapi::um::winuser::{GetForegroundWindow, CloseWindow};
[INFO] [stdout]   |             ^^ could not find `um` in `winapi`
[INFO] [stdout] 
[INFO] [stdout] 
[INFO] [stdout] error[E0433]: failed to resolve: could not find `um` in `winapi`
[INFO] [stdout]  --> src/main.rs:3:13
[INFO] [stdout]   |
[INFO] [stdout] 3 | use winapi::um::winuser::{GetForegroundWindow, CloseWindow};
[INFO] [stdout]   |             ^^ could not find `um` in `winapi`
[INFO] [stdout] 
[INFO] [stdout] 
[INFO] [stdout] error[E0425]: cannot find function, tuple struct or tuple variant `GetForegroundWindow` in this scope
[INFO] [stdout]   --> src/main.rs:10:26
[INFO] [stdout]    |
[INFO] [stdout] 10 |             let window = GetForegroundWindow();
[INFO] [stdout]    |                          ^^^^^^^^^^^^^^^^^^^ not found in this scope
[INFO] [stdout] 
[INFO] [stdout] 
[INFO] [stdout] error[E0425]: cannot find function, tuple struct or tuple variant `CloseWindow` in this scope
[INFO] [stdout]   --> src/main.rs:12:50
[INFO] [stdout]    |
[INFO] [stdout] 12 |             println!("info: close window -> {}", CloseWindow(window));
[INFO] [stdout]    |                                                  ^^^^^^^^^^^ not found in this scope
[INFO] [stdout] 
[INFO] [stdout] 
[INFO] [stdout] error: aborting due to 3 previous errors
[INFO] [stdout] 
[INFO] [stdout] 
[INFO] [stdout] Some errors have detailed explanations: E0425, E0433.
[INFO] [stdout] 
[INFO] [stdout] For more information about an error, try `rustc --explain E0425`.
[INFO] [stdout] 
[INFO] [stderr] error: could not compile `windowcloser`.
[INFO] [stdout] error[E0425]: cannot find function, tuple struct or tuple variant `GetForegroundWindow` in this scope
[INFO] [stdout]   --> src/main.rs:10:26
[INFO] [stdout]    |
[INFO] [stdout] 10 |             let window = GetForegroundWindow();
[INFO] [stdout]    |                          ^^^^^^^^^^^^^^^^^^^ not found in this scope
[INFO] [stdout] 
[INFO] [stdout] 
[INFO] [stderr] 
[INFO] [stdout] error[E0425]: cannot find function, tuple struct or tuple variant `CloseWindow` in this scope
[INFO] [stdout]   --> src/main.rs:12:50
[INFO] [stdout]    |
[INFO] [stdout] 12 |             println!("info: close window -> {}", CloseWindow(window));
[INFO] [stdout]    |                                                  ^^^^^^^^^^^ not found in this scope
[INFO] [stdout] 
[INFO] [stdout] 
[INFO] [stderr] To learn more, run the command again with --verbose.
[INFO] [stderr] warning: build failed, waiting for other jobs to finish...
[INFO] [stdout] error: aborting due to 3 previous errors
[INFO] [stdout] 
[INFO] [stdout] 
[INFO] [stdout] Some errors have detailed explanations: E0425, E0433.
[INFO] [stdout] 
[INFO] [stdout] For more information about an error, try `rustc --explain E0425`.
[INFO] [stdout] 
[INFO] [stderr] error: build failed
[INFO] running `Command { std: "docker" "inspect" "9459223f202c86b4b5ffbf0076c1d747f6adec96fe40094ca2f299acaa65e6e4", kill_on_drop: false }`
[INFO] running `Command { std: "docker" "rm" "-f" "9459223f202c86b4b5ffbf0076c1d747f6adec96fe40094ca2f299acaa65e6e4", kill_on_drop: false }`
[INFO] [stdout] 9459223f202c86b4b5ffbf0076c1d747f6adec96fe40094ca2f299acaa65e6e4
